{"id":9,"date":"2021-02-10T00:00:47","date_gmt":"2021-02-09T22:00:47","guid":{"rendered":"http:\/\/www.wointi.fi\/?page_id=9"},"modified":"2026-01-15T14:11:35","modified_gmt":"2026-01-15T12:11:35","slug":"etusivu","status":"publish","type":"page","link":"https:\/\/www.wointi.fi\/","title":{"rendered":"Wointi Oy"},"content":{"rendered":"<div data-colibri-id=\"9-c1\" class=\"style-202 style-local-9-c1 position-relative\">\n  <!----><p><\/p>\n<div data-colibri-component=\"section\" data-colibri-id=\"9-c2\" id=\"initial-content\" class=\"h-section h-section-global-spacing d-flex align-items-lg-center align-items-md-center align-items-center style-203 style-local-9-c2 position-relative\">\n    <!----><br>\n    <!----><p><\/p>\n<div class=\"h-section-grid-container h-section-boxed-container\">\n      <!----><p><\/p>\n<div data-colibri-id=\"9-c3\" class=\"h-row-container gutters-row-lg-2 gutters-row-md-2 gutters-row-0 gutters-row-v-lg-2 gutters-row-v-md-2 gutters-row-v-2 style-204 style-local-9-c3 position-relative\">\n        <!----><p><\/p>\n<div class=\"h-row justify-content-lg-center justify-content-md-center justify-content-center align-items-lg-stretch align-items-md-stretch align-items-stretch gutters-col-lg-2 gutters-col-md-2 gutters-col-0 gutters-col-v-lg-2 gutters-col-v-md-2 gutters-col-v-2\">\n          <!----><p><\/p>\n<div class=\"h-column h-column-container d-flex h-col-lg-auto h-col-md-auto h-col-auto style-205-outer style-local-9-c4-outer\">\n<div data-colibri-id=\"9-c4\" class=\"d-flex h-flex-basis h-column__inner h-px-lg-2 h-px-md-2 h-px-2 v-inner-lg-2 v-inner-md-2 v-inner-2 style-205 style-local-9-c4 position-relative\">\n              <!----><br>\n              <!----><p><\/p>\n<div class=\"w-100 h-y-container h-column__content h-column__v-align flex-basis-100 align-self-lg-start align-self-md-start align-self-start\">\n                <!----><p><\/p>\n<div data-colibri-id=\"9-c5\" class=\"style-206 style-local-9-c5 position-relative h-element\">\n                  <!----><p><\/p>\n<div><\/div><\/div><\/div><\/div><\/div><\/div><\/div><\/div><\/div><\/div>\n\n\n<p><strong>Sairauksien ehk\u00e4isy ja kasvava hoidon tarve vaatii uudenlaisia ratkaisuja yhdenvertaisten ja vaikuttavien palveluiden turvaamiseksi kansalaisille<\/strong><\/p>\n\n\n\n<p>Wointi Oy on startup-yritys, joka on perustettu lokakuussa 2019. Omistajilla ja ydintiimill\u00e4 on mittava ty\u00f6el\u00e4m\u00e4n kokemus; l\u00e4\u00e4ketiede, yhteiskuntasuhteet, johtaminen, rahoitus, juridiikka, lean, ohjelmistokehitys, data-analytiikka\n                      ja tulevaisuuden megatrendien ymm\u00e4rrys.<\/p>\n\n\n\n<p>Hy\u00f6dynn\u00e4mme vakioituja palveluprosesseja sosiaali- ja terveydenhuollon palvelutuotannon vaikuttavuusperusteisessa johtamisessa sek\u00e4 sosiaali- ja terveyspalveluiden markkinan rakentamisessa.<\/p>\n\n\n\n<p>Liiketoiminnan ydin lep\u00e4\u00e4 l\u00e4nsimaisten ik\u00e4\u00e4ntyvien hyvinvointiyhteiskuntien ongelmien ratkaisussa.<\/p>\n\n\n\n<p><\/p>\n<p><\/p>\n<p><\/p>\n<p><\/p>\n<p><\/p>\n<p><\/p>\n<p><\/p>\n","protected":false},"excerpt":{"rendered":"<p>Sairauksien ehk\u00e4isy ja kasvava hoidon tarve vaatii uudenlaisia ratkaisuja yhdenvertaisten ja vaikuttavien palveluiden turvaamiseksi kansalaisille Wointi Oy on startup-yritys, joka on perustettu lokakuussa 2019. Omistajilla ja ydintiimill\u00e4 on mittava ty\u00f6el\u00e4m\u00e4n kokemus; l\u00e4\u00e4ketiede, yhteiskuntasuhteet, johtaminen, rahoitus, juridiikka, lean, ohjelmistokehitys, data-analytiikka ja tulevaisuuden megatrendien ymm\u00e4rrys. Hy\u00f6dynn\u00e4mme vakioituja palveluprosesseja sosiaali- ja terveydenhuollon palvelutuotannon vaikuttavuusperusteisessa johtamisessa sek\u00e4 sosiaali- ja &hellip; <\/p>\n<p class=\"link-more\"><a href=\"https:\/\/www.wointi.fi\/\" class=\"more-link\">Jatka lukemista<span class=\"screen-reader-text\"> &#8221;Wointi Oy&#8221;<\/span><\/a><\/p>\n","protected":false},"author":1,"featured_media":0,"parent":0,"menu_order":0,"comment_status":"closed","ping_status":"closed","template":"page-templates\/full-width-page.php","meta":{"footnotes":""},"class_list":["post-9","page","type-page","status-publish","hentry"],"_links":{"self":[{"href":"https:\/\/www.wointi.fi\/index.php\/wp-json\/wp\/v2\/pages\/9","targetHints":{"allow":["GET"]}}],"collection":[{"href":"https:\/\/www.wointi.fi\/index.php\/wp-json\/wp\/v2\/pages"}],"about":[{"href":"https:\/\/www.wointi.fi\/index.php\/wp-json\/wp\/v2\/types\/page"}],"author":[{"embeddable":true,"href":"https:\/\/www.wointi.fi\/index.php\/wp-json\/wp\/v2\/users\/1"}],"replies":[{"embeddable":true,"href":"https:\/\/www.wointi.fi\/index.php\/wp-json\/wp\/v2\/comments?post=9"}],"version-history":[{"count":9,"href":"https:\/\/www.wointi.fi\/index.php\/wp-json\/wp\/v2\/pages\/9\/revisions"}],"predecessor-version":[{"id":323,"href":"https:\/\/www.wointi.fi\/index.php\/wp-json\/wp\/v2\/pages\/9\/revisions\/323"}],"wp:attachment":[{"href":"https:\/\/www.wointi.fi\/index.php\/wp-json\/wp\/v2\/media?parent=9"}],"curies":[{"name":"wp","href":"https:\/\/api.w.org\/{rel}","templated":true}]}}